rs of 4732714?
2, 7, 6899
What are the prime factors of 2839013?
29, 223, 439
What are the prime factors of 512432?
2, 32027
What are the prime factors of 4664?
2, 11, 53
What are the prime factors of 54870?
2, 3, 5, 31, 59
What are the prime factors of 152508?
2, 3, 71, 179
List the prime factors of 134865.
3, 5, 37
List the prime factors of 972750.
2, 3, 5, 1297
List the prime factors of 4542000.
2, 3, 5, 757
List the prime factors of 70968.
2, 3, 2957
List the prime factors of 2647206.
2, 3, 17, 41, 211
List the prime factors of 1939645.
5, 113, 3433
What are the prime factors of 274463?
7, 39209
What are the prime factors of 1083000?
2, 3, 5, 19
What are the prime factors of 1908621?
3, 11, 13, 1483
What are the prime factors of 9976956?
2, 3, 11, 75583
What are the prime factors of 15141971?
13, 233, 4999
What are the prime factors of 243668?
2, 60917
List the prime factors of 11635836.
2, 3, 113, 8581
What are the prime factors of 499105?
5, 173, 577
What are the prime factors of 1006379?
11, 191, 479
List the prime factors of 467255.
5, 113, 827
List the prime factors of 854800.
2, 5, 2137
List the prime factors of 425352.
2, 3, 37, 479
List the prime factors of 908615.
5, 23, 7901
What are the prime factors of 27526314?
2, 3, 137, 33487
List the prime factors of 1404876.
2, 3, 11, 29, 367
List the prime factors of 230927.
29, 7963
What are the prime factors of 22173137?
7, 149, 3037
What are the prime factors of 2839527?
3, 17, 67, 277
List the prime factors of 214211.
214211
What are the prime factors of 5973052?
2, 17, 5167
What are the prime factors of 16128434?
2, 7, 359, 3209
List the prime factors of 2779745.
5, 523, 1063
List the prime factors of 570839.
570839
List the prime factors of 7070238.
2, 3, 7, 56113
List the prime factors of 12766577.
12766577
List the prime factors of 254380.
2, 5, 7, 23, 79
List the prime factors of 182956.
2, 53, 863
List the prime factors of 12129837.
3, 191, 21169
What are the prime factors of 15465172?
2, 17, 467, 487
What are the prime factors of 44357?
44357
What are the prime factors of 485204?
2, 101, 1201
List the prime factors of 593088.
2, 3, 3089
What are the prime factors of 19837238?
2, 181, 54799
List the prime factors of 11106883.
113, 227, 433
List the prime factors of 343857.
3, 61, 1879
What are the prime factors of 2886587?
11, 397, 661
What are the prime factors of 685438?
2, 13, 41, 643
What are the prime factors of 1004707?
11, 149, 613
List the prime factors of 664183.
13, 19, 2689
What are the prime factors of 966207?
3, 11, 19, 23, 67
List the prime factors of 118662.
2, 3, 19777
What are the prime factors of 1598600?
2, 5, 7993
What are the prime factors of 360980?
2, 5, 18049
List the prime factors of 13504279.
43, 509, 617
List the prime factors of 1442318.
2, 721159
What are the prime factors of 23502871?
7, 107, 31379
What are the prime factors of 7550817?
3, 29, 229, 379
List the prime factors of 24437140.
2, 5, 7, 13, 29, 463
List the prime factors of 364884.
2, 3, 13, 2339
List the prime factors of 54167.
54167
What are the prime factors of 1660833?
3, 109, 1693
List the prime factors of 3878394.
2, 3, 13, 19, 2617
List the prime factors of 333767.
7, 47681
List the prime factors of 2843614.
2, 67, 21221
What are the prime factors of 388452?
2, 3, 32371
What are the prime factors of 2380677?
3, 13, 61043
List the prime factors of 5629211.
7, 797, 1009
List the prime factors of 6537259.
59, 179, 619
What are the prime factors of 186922?
2, 19, 4919
What are the prime factors of 3554268?
2, 3, 241, 1229
List the prime factors of 1499229.
3, 83, 223
What are the prime factors of 394096?
2, 24631
What are the prime factors of 88010?
2, 5, 13, 677
List the prime factors of 1327039.
7, 101, 1877
List the prime factors of 1328373.
3, 49199
List the prime factors of 1788581.
61, 109, 269
List the prime factors of 7324239.
3, 13, 67, 2803
What are the prime factors of 264306?
2, 3, 7, 29, 31
What are the prime factors of 2167361?
7, 309623
List the prime factors of 4263752.
2, 19, 28051
What are the prime factors of 26201?
7, 19, 197
What are the prime factors of 2422620?
2, 3, 5, 43, 313
List the prime factors of 519981.
3, 7, 11, 2251
List the prime factors of 191071.
191071
List the prime factors of 6576393.
3, 2192131
What are the prime factors of 65136?
2, 3, 23, 59
What are the prime factors of 19763018?
2, 11, 898319
What are the prime factors of 513172?
2, 11, 107, 109
What are the prime factors of 36869535?
3, 5, 197, 4159
What are the prime factors of 2211119?
1433, 1543
List the prime factors of 2922345.
3, 5, 21647
List the prime factors of 7661896.
2, 11, 83, 1049
List the prime factors of 159780.
2, 3, 5, 2663
List the prime factors of 397169.
389, 1021
List the prime factors of 675678.
2, 3, 19, 5927
List the prime factors of 358401.
3, 193, 619
List the prime factors of 298951.
89, 3359
What are the prime factors of 13455795?
3, 5, 897053
What are the prime factors of 3484570?
2, 5, 348457
List the prime factors of 482686.
2, 241343
What are the prime factors of 5868716?
2, 7, 209597
What are the prime factors of 538048?
2, 7, 1201
List the prime factors of 20545861.
7, 97, 30259
What are the prime factors of 1984477?
11, 223, 809
What are the prime factors of 61563?
3, 20521
List the prime factors of 814656.
2, 3, 4243
List the prime factors of 580028.
2, 145007
What are the prime factors of 123839?
37, 3347
What are the prime factors of 374088?
2, 3, 11, 13, 109
What are the prime factors of 550926?
2, 3, 127, 241
List the prime factors of 2144261.
7, 17, 37, 487
List the prime factors of 714524.
2, 73, 2447
What are the prime factors of 33005?
5, 7, 23, 41
What are the prime factors of 40153262?
2, 23, 263, 3319
What are the prime factors of 29531924?
2, 17, 434293
List the prime factors of 2900798.
2, 1450399
List the prime factors of 921648.
2, 3, 7, 13, 211
List the prime factors of 2058561.
3, 76243
What are the prime factors of 2161890?
2, 3, 5, 17, 157
List the prime factors of 11863912.
2, 463, 3203
What are the prime factors of 2622696?
2, 3, 109279
List the prime factors of 8284110.
2, 3, 5, 276137
What are the prime factors of 13088331?
3, 307, 1579
What are the prime factors of 5664226?
2, 2832113
List the prime factors of 8795110.
2, 5, 47, 18713
What are the prime factors of 224392?
2, 7, 4007
List the prime factors of 103356.
2, 3, 11, 29
List the prime factors of 531666.
2, 3, 29537
List the prime factors of 22005352.
2, 347, 7927
List the prime factors of 23736727.
7, 197, 2459
What are the prime factors of 24655071?
3, 7, 293, 4007
What are the prime factors of 316323?
3, 7, 5021
What are the prime factors of 649597?
13, 107, 467
List the prime factors of 5379347.
79, 149, 457
What are the prime factors of 204776?
2, 11, 13, 179
What are the prime factors of 4346811?
3, 7, 109, 211
List the prime factors of 1347463.
13, 103651
What are the prime factors of 121501?
121501
What are the prime factors of 786902?
2, 393451
What are the prime factors of 698756?
2, 73, 2393
What are the prime factors of 3485305?
5, 23, 30307
List the prime factors of 304374.
2, 3, 7, 7247
List the prime factors of 6637374.
2, 3, 368743
What are the prime factors of 1128566?
2, 41, 13763
What are the prime factors of 14143?
14143
List the prime factors of 733585.
5, 23, 6379
What are the prime factors of 538641?
3, 97, 617
What are the prime factors of 690004?
2, 7, 19, 1297
List the prime factors of 583970.
2, 5, 23, 2539
What are the prime factors of 425626?
2, 59, 3607
List the prime factors of 1752989.
7, 17, 14731
List the prime factors of 10129549.
10129549
List the prime factors of 973747.
73, 13339
List the prime factors of 501063.
3, 167021
What are the prime factors of 8171988?
2, 3, 11, 61909
What are the prime factors of 290130?
2, 3, 5, 19, 509
List the prime factors of 1431604.
2, 17, 37, 569
List the prime factors of 3950518.
2, 11, 13, 19, 727
What are the prime factors of 17215181?
67, 89, 2887
What are the prime factors of 12732886?
2, 1979, 3217
What are the prime factors of 17505?
3, 5, 389
List the prime factors of 88389.
3, 7, 23, 61
What are the prime factors of 1210680?
2, 3, 5, 19, 59
List the prime factors of 7141209.
3, 61, 39023
Wh